{"id":11588,"date":"2023-12-27T15:41:52","date_gmt":"2023-12-27T15:41:52","guid":{"rendered":"https:\/\/residenciasmontepio.digitalx.pt\/?post_type=product&#038;p=11588"},"modified":"2026-02-23T14:21:30","modified_gmt":"2026-02-23T14:21:30","slug":"artmed-creme-hidratante-1l-montepio","status":"publish","type":"product","link":"https:\/\/digitalx.pt\/rm2\/produto\/artmed-creme-hidratante-1l-montepio\/","title":{"rendered":"ARTMED &#8211; Creme Hidratante 1L &#8211; Montepio"},"content":{"rendered":"<p>Ref.\u00aa 560033864015-MP<br \/>\nARTMED &#8211; Creme Hidratante 1000ml | Montepio<\/p>\n<p>* Descri\u00e7\u00e3o:<br \/>\n&#8211; Creme hidratante com Pantenol e Alanto\u00edna para o cuidado di\u00e1rio da pele.<br \/>\n* Propriedades:<br \/>\n&#8211; Rico em Pantenol e Alanto\u00edna.<br \/>\n&#8211; Excelentes propriedades hidratantes, suavizantes e restruturantes, favorecendo a<br \/>\nreconstitui\u00e7\u00e3o do filme hidrolip\u00eddico da pele.<br \/>\n&#8211; Ideal para peles secas a sens\u00edveis.<br \/>\n&#8211; Respeita o pH natural da pele, devido \u00e0 sua formula\u00e7\u00e3o equilibrada.<br \/>\n&#8211; Agradavelmente perfumado.<br \/>\n&#8211; Qualidade dermatol\u00f3gica.<br \/>\n* Modo de emprego:<br \/>\n&#8211; Aplicar de manh\u00e3 e \u00e0 noite, diariamente, sobre a pele limpa e seca, de todo o corpo,<br \/>\nmassajando bem at\u00e9 que todo creme seja absorvido pela pele.<br \/>\n* Composi\u00e7\u00e3o:<br \/>\n&#8211; Aqua, Propylene Glycol, Paraffinum Liquidum, Stearic Acid, Glyceryl Stearate, PEG-100<br \/>\nStearate, Cetearyl Alcohol, Cocamidopropyl Beatine, Triethanolamine, Dimethicone,<br \/>\nCarbomer, Allantoin, Panthenol, DMDM Hydantoin, Parfum (Hexyl Cinnamal, Limonene,<br \/>\nCitronellol, Geraniol).<br \/>\n* Higiene e Seguran\u00e7a:<br \/>\n&#8211; Ver Ficha Dados Seguran\u00e7a do Produto.<br \/>\n&#8211; Armazenar na embalagem de origem fechada. Evitar temperaturas extremas.<br \/>\n&#8211; Em caso de acidente ou de indisposi\u00e7\u00e3o consultar imediatamente um m\u00e9dico (se poss\u00edvel<br \/>\nmostrar o r\u00f3tulo).<br \/>\n&#8211; Em caso de ingest\u00e3o acidental, consultar o Centro de Informa\u00e7\u00e3o Anti-Venenos:<br \/>\nTel. 808 250 143.<br \/>\n* CARACTER\u00cdSTICAS:<br \/>\n&#8211; Estado f\u00edsico: Creme<br \/>\n&#8211; Cor: Branco opaco<br \/>\n&#8211; Odor: Perfumado<br \/>\npH (20\u00baC) = [6,5-7,5]<br \/>\n&#8211; PRODUTO BIODEGRAD\u00c1VEL<br \/>\n* Embalagem:<br \/>\n&#8211; Fornecido em embalagem de 1000ml<\/p>\n","protected":false},"excerpt":{"rendered":"<p>Ref.\u00aa 560033864015-MP ARTMED &#8211; Creme Hidratante 1000ml | Montepio * Descri\u00e7\u00e3o: &#8211; Creme hidratante com Pantenol e Alanto\u00edna para o cuidado di\u00e1rio da pele. * Propriedades: &#8211; Rico em Pantenol e Alanto\u00edna. &#8211; Excelentes propriedades hidratantes, suavizantes e restruturantes, favorecendo a reconstitui\u00e7\u00e3o do filme hidrolip\u00eddico da pele. &#8211; Ideal para peles secas a sens\u00edveis. &#8211; [&hellip;]<\/p>\n","protected":false},"featured_media":13530,"template":"","meta":[],"product_brand":[],"product_cat":[46,44],"product_tag":[],"class_list":{"0":"post-11588","1":"product","2":"type-product","3":"status-publish","4":"has-post-thumbnail","6":"product_cat-higiene","7":"product_cat-higiene-e-protecao","9":"first","10":"instock","11":"taxable","12":"shipping-taxable","13":"purchasable","14":"product-type-simple"},"yoast_head":"<!-- This site is optimized with the Yoast SEO plugin v27.0 - https:\/\/yoast.com\/product\/yoast-seo-wordpress\/ -->\n<title>ARTMED - Creme Hidratante 1L - Montepio - Resid\u00eancias Montepio<\/title>\n<meta name=\"robots\" content=\"index, follow, max-snippet:-1, max-image-preview:large, max-video-preview:-1\" \/>\n<link rel=\"canonical\" href=\"https:\/\/digitalx.pt\/rm2\/produto\/artmed-creme-hidratante-1l-montepio\/\" \/>\n<meta property=\"og:locale\" content=\"pt_PT\" \/>\n<meta property=\"og:type\" content=\"article\" \/>\n<meta property=\"og:title\" content=\"ARTMED - Creme Hidratante 1L - Montepio - Resid\u00eancias Montepio\" \/>\n<meta property=\"og:description\" content=\"Ref.\u00aa 560033864015-MP ARTMED &#8211; Creme Hidratante 1000ml | Montepio * Descri\u00e7\u00e3o: &#8211; Creme hidratante com Pantenol e Alanto\u00edna para o cuidado di\u00e1rio da pele. * Propriedades: &#8211; Rico em Pantenol e Alanto\u00edna. &#8211; Excelentes propriedades hidratantes, suavizantes e restruturantes, favorecendo a reconstitui\u00e7\u00e3o do filme hidrolip\u00eddico da pele. &#8211; Ideal para peles secas a sens\u00edveis. &#8211; [&hellip;]\" \/>\n<meta property=\"og:url\" content=\"https:\/\/digitalx.pt\/rm2\/produto\/artmed-creme-hidratante-1l-montepio\/\" \/>\n<meta property=\"og:site_name\" content=\"Resid\u00eancias Montepio\" \/>\n<meta property=\"article:publisher\" content=\"https:\/\/m.facebook.com\/residenciasmontepio.sa\/\" \/>\n<meta property=\"article:modified_time\" content=\"2026-02-23T14:21:30+00:00\" \/>\n<meta property=\"og:image\" content=\"https:\/\/digitalx.pt\/rm2\/wp-content\/uploads\/2023\/12\/transferir-2-1.png\" \/>\n\t<meta property=\"og:image:width\" content=\"86\" \/>\n\t<meta property=\"og:image:height\" content=\"240\" \/>\n\t<meta property=\"og:image:type\" content=\"image\/png\" \/>\n<meta name=\"twitter:card\" content=\"summary_large_image\" \/>\n<meta name=\"twitter:label1\" content=\"Tempo estimado de leitura\" \/>\n\t<meta name=\"twitter:data1\" content=\"2 minutos\" \/>\n<script type=\"application\/ld+json\" class=\"yoast-schema-graph\">{\"@context\":\"https:\/\/schema.org\",\"@graph\":[{\"@type\":\"WebPage\",\"@id\":\"https:\/\/digitalx.pt\/rm2\/produto\/artmed-creme-hidratante-1l-montepio\/\",\"url\":\"https:\/\/digitalx.pt\/rm2\/produto\/artmed-creme-hidratante-1l-montepio\/\",\"name\":\"ARTMED - Creme Hidratante 1L - Montepio - Resid\u00eancias Montepio\",\"isPartOf\":{\"@id\":\"https:\/\/digitalx.pt\/rm2\/#website\"},\"primaryImageOfPage\":{\"@id\":\"https:\/\/digitalx.pt\/rm2\/produto\/artmed-creme-hidratante-1l-montepio\/#primaryimage\"},\"image\":{\"@id\":\"https:\/\/digitalx.pt\/rm2\/produto\/artmed-creme-hidratante-1l-montepio\/#primaryimage\"},\"thumbnailUrl\":\"https:\/\/digitalx.pt\/rm2\/wp-content\/uploads\/2023\/12\/transferir-2-1.png\",\"datePublished\":\"2023-12-27T15:41:52+00:00\",\"dateModified\":\"2026-02-23T14:21:30+00:00\",\"breadcrumb\":{\"@id\":\"https:\/\/digitalx.pt\/rm2\/produto\/artmed-creme-hidratante-1l-montepio\/#breadcrumb\"},\"inLanguage\":\"pt-PT\",\"potentialAction\":[{\"@type\":\"ReadAction\",\"target\":[\"https:\/\/digitalx.pt\/rm2\/produto\/artmed-creme-hidratante-1l-montepio\/\"]}]},{\"@type\":\"ImageObject\",\"inLanguage\":\"pt-PT\",\"@id\":\"https:\/\/digitalx.pt\/rm2\/produto\/artmed-creme-hidratante-1l-montepio\/#primaryimage\",\"url\":\"https:\/\/digitalx.pt\/rm2\/wp-content\/uploads\/2023\/12\/transferir-2-1.png\",\"contentUrl\":\"https:\/\/digitalx.pt\/rm2\/wp-content\/uploads\/2023\/12\/transferir-2-1.png\",\"width\":86,\"height\":240},{\"@type\":\"BreadcrumbList\",\"@id\":\"https:\/\/digitalx.pt\/rm2\/produto\/artmed-creme-hidratante-1l-montepio\/#breadcrumb\",\"itemListElement\":[{\"@type\":\"ListItem\",\"position\":1,\"name\":\"In\u00edcio\",\"item\":\"https:\/\/digitalx.pt\/rm2\/\"},{\"@type\":\"ListItem\",\"position\":2,\"name\":\"Produtos\",\"item\":\"https:\/\/digitalx.pt\/rm2\/shop\/\"},{\"@type\":\"ListItem\",\"position\":3,\"name\":\"ARTMED &#8211; Creme Hidratante 1L &#8211; Montepio\"}]},{\"@type\":\"WebSite\",\"@id\":\"https:\/\/digitalx.pt\/rm2\/#website\",\"url\":\"https:\/\/digitalx.pt\/rm2\/\",\"name\":\"Resid\u00eancias Montepio\",\"description\":\"Resid\u00eancias Montepio Servi\u00e7os de Saude SA\",\"publisher\":{\"@id\":\"https:\/\/digitalx.pt\/rm2\/#organization\"},\"potentialAction\":[{\"@type\":\"SearchAction\",\"target\":{\"@type\":\"EntryPoint\",\"urlTemplate\":\"https:\/\/digitalx.pt\/rm2\/?s={search_term_string}\"},\"query-input\":{\"@type\":\"PropertyValueSpecification\",\"valueRequired\":true,\"valueName\":\"search_term_string\"}}],\"inLanguage\":\"pt-PT\"},{\"@type\":\"Organization\",\"@id\":\"https:\/\/digitalx.pt\/rm2\/#organization\",\"name\":\"Resid\u00eancias Montepio\",\"url\":\"https:\/\/digitalx.pt\/rm2\/\",\"logo\":{\"@type\":\"ImageObject\",\"inLanguage\":\"pt-PT\",\"@id\":\"https:\/\/digitalx.pt\/rm2\/#\/schema\/logo\/image\/\",\"url\":\"https:\/\/digitalx.pt\/rm2\/wp-content\/uploads\/2024\/03\/favicon.svg\",\"contentUrl\":\"https:\/\/digitalx.pt\/rm2\/wp-content\/uploads\/2024\/03\/favicon.svg\",\"width\":1,\"height\":1,\"caption\":\"Resid\u00eancias Montepio\"},\"image\":{\"@id\":\"https:\/\/digitalx.pt\/rm2\/#\/schema\/logo\/image\/\"},\"sameAs\":[\"https:\/\/m.facebook.com\/residenciasmontepio.sa\/\",\"https:\/\/www.instagram.com\/residenciasmontepio\/\"]}]}<\/script>\n<!-- \/ Yoast SEO plugin. -->","yoast_head_json":{"title":"ARTMED - Creme Hidratante 1L - Montepio - Resid\u00eancias Montepio","robots":{"index":"index","follow":"follow","max-snippet":"max-snippet:-1","max-image-preview":"max-image-preview:large","max-video-preview":"max-video-preview:-1"},"canonical":"https:\/\/digitalx.pt\/rm2\/produto\/artmed-creme-hidratante-1l-montepio\/","og_locale":"pt_PT","og_type":"article","og_title":"ARTMED - Creme Hidratante 1L - Montepio - Resid\u00eancias Montepio","og_description":"Ref.\u00aa 560033864015-MP ARTMED &#8211; Creme Hidratante 1000ml | Montepio * Descri\u00e7\u00e3o: &#8211; Creme hidratante com Pantenol e Alanto\u00edna para o cuidado di\u00e1rio da pele. * Propriedades: &#8211; Rico em Pantenol e Alanto\u00edna. &#8211; Excelentes propriedades hidratantes, suavizantes e restruturantes, favorecendo a reconstitui\u00e7\u00e3o do filme hidrolip\u00eddico da pele. &#8211; Ideal para peles secas a sens\u00edveis. &#8211; [&hellip;]","og_url":"https:\/\/digitalx.pt\/rm2\/produto\/artmed-creme-hidratante-1l-montepio\/","og_site_name":"Resid\u00eancias Montepio","article_publisher":"https:\/\/m.facebook.com\/residenciasmontepio.sa\/","article_modified_time":"2026-02-23T14:21:30+00:00","og_image":[{"width":86,"height":240,"url":"https:\/\/digitalx.pt\/rm2\/wp-content\/uploads\/2023\/12\/transferir-2-1.png","type":"image\/png"}],"twitter_card":"summary_large_image","twitter_misc":{"Tempo estimado de leitura":"2 minutos"},"schema":{"@context":"https:\/\/schema.org","@graph":[{"@type":"WebPage","@id":"https:\/\/digitalx.pt\/rm2\/produto\/artmed-creme-hidratante-1l-montepio\/","url":"https:\/\/digitalx.pt\/rm2\/produto\/artmed-creme-hidratante-1l-montepio\/","name":"ARTMED - Creme Hidratante 1L - Montepio - Resid\u00eancias Montepio","isPartOf":{"@id":"https:\/\/digitalx.pt\/rm2\/#website"},"primaryImageOfPage":{"@id":"https:\/\/digitalx.pt\/rm2\/produto\/artmed-creme-hidratante-1l-montepio\/#primaryimage"},"image":{"@id":"https:\/\/digitalx.pt\/rm2\/produto\/artmed-creme-hidratante-1l-montepio\/#primaryimage"},"thumbnailUrl":"https:\/\/digitalx.pt\/rm2\/wp-content\/uploads\/2023\/12\/transferir-2-1.png","datePublished":"2023-12-27T15:41:52+00:00","dateModified":"2026-02-23T14:21:30+00:00","breadcrumb":{"@id":"https:\/\/digitalx.pt\/rm2\/produto\/artmed-creme-hidratante-1l-montepio\/#breadcrumb"},"inLanguage":"pt-PT","potentialAction":[{"@type":"ReadAction","target":["https:\/\/digitalx.pt\/rm2\/produto\/artmed-creme-hidratante-1l-montepio\/"]}]},{"@type":"ImageObject","inLanguage":"pt-PT","@id":"https:\/\/digitalx.pt\/rm2\/produto\/artmed-creme-hidratante-1l-montepio\/#primaryimage","url":"https:\/\/digitalx.pt\/rm2\/wp-content\/uploads\/2023\/12\/transferir-2-1.png","contentUrl":"https:\/\/digitalx.pt\/rm2\/wp-content\/uploads\/2023\/12\/transferir-2-1.png","width":86,"height":240},{"@type":"BreadcrumbList","@id":"https:\/\/digitalx.pt\/rm2\/produto\/artmed-creme-hidratante-1l-montepio\/#breadcrumb","itemListElement":[{"@type":"ListItem","position":1,"name":"In\u00edcio","item":"https:\/\/digitalx.pt\/rm2\/"},{"@type":"ListItem","position":2,"name":"Produtos","item":"https:\/\/digitalx.pt\/rm2\/shop\/"},{"@type":"ListItem","position":3,"name":"ARTMED &#8211; Creme Hidratante 1L &#8211; Montepio"}]},{"@type":"WebSite","@id":"https:\/\/digitalx.pt\/rm2\/#website","url":"https:\/\/digitalx.pt\/rm2\/","name":"Resid\u00eancias Montepio","description":"Resid\u00eancias Montepio Servi\u00e7os de Saude SA","publisher":{"@id":"https:\/\/digitalx.pt\/rm2\/#organization"},"potentialAction":[{"@type":"SearchAction","target":{"@type":"EntryPoint","urlTemplate":"https:\/\/digitalx.pt\/rm2\/?s={search_term_string}"},"query-input":{"@type":"PropertyValueSpecification","valueRequired":true,"valueName":"search_term_string"}}],"inLanguage":"pt-PT"},{"@type":"Organization","@id":"https:\/\/digitalx.pt\/rm2\/#organization","name":"Resid\u00eancias Montepio","url":"https:\/\/digitalx.pt\/rm2\/","logo":{"@type":"ImageObject","inLanguage":"pt-PT","@id":"https:\/\/digitalx.pt\/rm2\/#\/schema\/logo\/image\/","url":"https:\/\/digitalx.pt\/rm2\/wp-content\/uploads\/2024\/03\/favicon.svg","contentUrl":"https:\/\/digitalx.pt\/rm2\/wp-content\/uploads\/2024\/03\/favicon.svg","width":1,"height":1,"caption":"Resid\u00eancias Montepio"},"image":{"@id":"https:\/\/digitalx.pt\/rm2\/#\/schema\/logo\/image\/"},"sameAs":["https:\/\/m.facebook.com\/residenciasmontepio.sa\/","https:\/\/www.instagram.com\/residenciasmontepio\/"]}]}},"_links":{"self":[{"href":"https:\/\/digitalx.pt\/rm2\/wp-json\/wp\/v2\/product\/11588","targetHints":{"allow":["GET"]}}],"collection":[{"href":"https:\/\/digitalx.pt\/rm2\/wp-json\/wp\/v2\/product"}],"about":[{"href":"https:\/\/digitalx.pt\/rm2\/wp-json\/wp\/v2\/types\/product"}],"wp:featuredmedia":[{"embeddable":true,"href":"https:\/\/digitalx.pt\/rm2\/wp-json\/wp\/v2\/media\/13530"}],"wp:attachment":[{"href":"https:\/\/digitalx.pt\/rm2\/wp-json\/wp\/v2\/media?parent=11588"}],"wp:term":[{"taxonomy":"product_brand","embeddable":true,"href":"https:\/\/digitalx.pt\/rm2\/wp-json\/wp\/v2\/product_brand?post=11588"},{"taxonomy":"product_cat","embeddable":true,"href":"https:\/\/digitalx.pt\/rm2\/wp-json\/wp\/v2\/product_cat?post=11588"},{"taxonomy":"product_tag","embeddable":true,"href":"https:\/\/digitalx.pt\/rm2\/wp-json\/wp\/v2\/product_tag?post=11588"}],"curies":[{"name":"wp","href":"https:\/\/api.w.org\/{rel}","templated":true}]}}