{"id":11608,"date":"2023-12-27T15:51:54","date_gmt":"2023-12-27T15:51:54","guid":{"rendered":"https:\/\/residenciasmontepio.digitalx.pt\/?post_type=product&#038;p=11608"},"modified":"2026-02-23T14:22:20","modified_gmt":"2026-02-23T14:22:20","slug":"sabanindas-resguardo-de-cama-80x180cm-b-25","status":"publish","type":"product","link":"https:\/\/digitalx.pt\/rm2\/produto\/sabanindas-resguardo-de-cama-80x180cm-b-25\/","title":{"rendered":"SABANINDAS &#8211; Resguardo de Cama 80x180cm (B.25)"},"content":{"rendered":"<h4>Sabanindas &#8211; Resguardo de Cama\u00a0 80&#215;180 (25 unidades)<\/h4>\n<p>Resguardo descart\u00e1vel com grandes propriedades de absor\u00e7\u00e3o e prote\u00e7\u00e3o. Ajusta-se \u00e0 cama por meio de abas laterais de polietileno para evitar deslocamento em pacientes mais agistados.<\/p>\n<h4>Caracter\u00edsticas:<\/h4>\n<ul>\n<li>Dimens\u00e3o do n\u00facleo absorvente: 55&#215;70 cm.<\/li>\n<li>Capa tecido filtrante suave que isola a humidade da pele.<\/li>\n<li>Superf\u00edcie absorbente composta de celulose que oferece grande prote\u00e7\u00e3o e absor\u00e7\u00e3o.<\/li>\n<li>Estrutura romb\u00f3ide que facilita a propaga\u00e7\u00e3o da urina e impede encharcamentos.<\/li>\n<li>Elevada compacta\u00e7\u00e3o da celulosa que confere uma maior resist\u00eancia \u00e0 rutura.<\/li>\n<li>Suave polietileno imperme\u00e1vel e anti-deslizante.<\/li>\n<\/ul>\n<h4>Especifica\u00e7\u00f5es<\/h4>\n<ul>\n<li>Embalagens de 25 unidades.<\/li>\n<li>1 caixa: 6 embalagens.<\/li>\n<li>Marca: Indas<\/li>\n<li>Pa\u00eds de origem: Espanha<\/li>\n<\/ul>\n","protected":false},"excerpt":{"rendered":"<p>Sabanindas &#8211; Resguardo de Cama\u00a0 80&#215;180 (25 unidades) Resguardo descart\u00e1vel com grandes propriedades de absor\u00e7\u00e3o e prote\u00e7\u00e3o. Ajusta-se \u00e0 cama por meio de abas laterais de polietileno para evitar deslocamento em pacientes mais agistados. Caracter\u00edsticas: Dimens\u00e3o do n\u00facleo absorvente: 55&#215;70 cm. Capa tecido filtrante suave que isola a humidade da pele. Superf\u00edcie absorbente composta de [&hellip;]<\/p>\n","protected":false},"featured_media":15603,"template":"","meta":[],"product_brand":[],"product_cat":[101,104,47,48],"product_tag":[],"class_list":{"0":"post-11608","1":"product","2":"type-product","3":"status-publish","4":"has-post-thumbnail","6":"product_cat-higiene-2","7":"product_cat-incontinencia","8":"product_cat-produtos-de-incontinencia","9":"product_cat-resguardos","11":"first","12":"instock","13":"taxable","14":"shipping-taxable","15":"purchasable","16":"product-type-simple"},"yoast_head":"<!-- This site is optimized with the Yoast SEO plugin v27.0 - https:\/\/yoast.com\/product\/yoast-seo-wordpress\/ -->\n<title>SABANINDAS - Resguardo de Cama 80x180cm (B.25) - Resid\u00eancias Montepio<\/title>\n<meta name=\"robots\" content=\"index, follow, max-snippet:-1, max-image-preview:large, max-video-preview:-1\" \/>\n<link rel=\"canonical\" href=\"https:\/\/digitalx.pt\/rm2\/produto\/sabanindas-resguardo-de-cama-80x180cm-b-25\/\" \/>\n<meta property=\"og:locale\" content=\"pt_PT\" \/>\n<meta property=\"og:type\" content=\"article\" \/>\n<meta property=\"og:title\" content=\"SABANINDAS - Resguardo de Cama 80x180cm (B.25) - Resid\u00eancias Montepio\" \/>\n<meta property=\"og:description\" content=\"Sabanindas &#8211; Resguardo de Cama\u00a0 80&#215;180 (25 unidades) Resguardo descart\u00e1vel com grandes propriedades de absor\u00e7\u00e3o e prote\u00e7\u00e3o. Ajusta-se \u00e0 cama por meio de abas laterais de polietileno para evitar deslocamento em pacientes mais agistados. Caracter\u00edsticas: Dimens\u00e3o do n\u00facleo absorvente: 55&#215;70 cm. Capa tecido filtrante suave que isola a humidade da pele. Superf\u00edcie absorbente composta de [&hellip;]\" \/>\n<meta property=\"og:url\" content=\"https:\/\/digitalx.pt\/rm2\/produto\/sabanindas-resguardo-de-cama-80x180cm-b-25\/\" \/>\n<meta property=\"og:site_name\" content=\"Resid\u00eancias Montepio\" \/>\n<meta property=\"article:publisher\" content=\"https:\/\/m.facebook.com\/residenciasmontepio.sa\/\" \/>\n<meta property=\"article:modified_time\" content=\"2026-02-23T14:22:20+00:00\" \/>\n<meta property=\"og:image\" content=\"https:\/\/digitalx.pt\/rm2\/wp-content\/uploads\/2023\/12\/sabanindas-resguardo-de-cama-80x180cm-b25.jpg\" \/>\n\t<meta property=\"og:image:width\" content=\"1000\" \/>\n\t<meta property=\"og:image:height\" content=\"1000\" \/>\n\t<meta property=\"og:image:type\" content=\"image\/jpeg\" \/>\n<meta name=\"twitter:card\" content=\"summary_large_image\" \/>\n<meta name=\"twitter:label1\" content=\"Tempo estimado de leitura\" \/>\n\t<meta name=\"twitter:data1\" content=\"1 minuto\" \/>\n<script type=\"application\/ld+json\" class=\"yoast-schema-graph\">{\"@context\":\"https:\/\/schema.org\",\"@graph\":[{\"@type\":\"WebPage\",\"@id\":\"https:\/\/digitalx.pt\/rm2\/produto\/sabanindas-resguardo-de-cama-80x180cm-b-25\/\",\"url\":\"https:\/\/digitalx.pt\/rm2\/produto\/sabanindas-resguardo-de-cama-80x180cm-b-25\/\",\"name\":\"SABANINDAS - Resguardo de Cama 80x180cm (B.25) - Resid\u00eancias Montepio\",\"isPartOf\":{\"@id\":\"https:\/\/digitalx.pt\/rm2\/#website\"},\"primaryImageOfPage\":{\"@id\":\"https:\/\/digitalx.pt\/rm2\/produto\/sabanindas-resguardo-de-cama-80x180cm-b-25\/#primaryimage\"},\"image\":{\"@id\":\"https:\/\/digitalx.pt\/rm2\/produto\/sabanindas-resguardo-de-cama-80x180cm-b-25\/#primaryimage\"},\"thumbnailUrl\":\"https:\/\/digitalx.pt\/rm2\/wp-content\/uploads\/2023\/12\/sabanindas-resguardo-de-cama-80x180cm-b25.jpg\",\"datePublished\":\"2023-12-27T15:51:54+00:00\",\"dateModified\":\"2026-02-23T14:22:20+00:00\",\"breadcrumb\":{\"@id\":\"https:\/\/digitalx.pt\/rm2\/produto\/sabanindas-resguardo-de-cama-80x180cm-b-25\/#breadcrumb\"},\"inLanguage\":\"pt-PT\",\"potentialAction\":[{\"@type\":\"ReadAction\",\"target\":[\"https:\/\/digitalx.pt\/rm2\/produto\/sabanindas-resguardo-de-cama-80x180cm-b-25\/\"]}]},{\"@type\":\"ImageObject\",\"inLanguage\":\"pt-PT\",\"@id\":\"https:\/\/digitalx.pt\/rm2\/produto\/sabanindas-resguardo-de-cama-80x180cm-b-25\/#primaryimage\",\"url\":\"https:\/\/digitalx.pt\/rm2\/wp-content\/uploads\/2023\/12\/sabanindas-resguardo-de-cama-80x180cm-b25.jpg\",\"contentUrl\":\"https:\/\/digitalx.pt\/rm2\/wp-content\/uploads\/2023\/12\/sabanindas-resguardo-de-cama-80x180cm-b25.jpg\",\"width\":1000,\"height\":1000},{\"@type\":\"BreadcrumbList\",\"@id\":\"https:\/\/digitalx.pt\/rm2\/produto\/sabanindas-resguardo-de-cama-80x180cm-b-25\/#breadcrumb\",\"itemListElement\":[{\"@type\":\"ListItem\",\"position\":1,\"name\":\"In\u00edcio\",\"item\":\"https:\/\/digitalx.pt\/rm2\/\"},{\"@type\":\"ListItem\",\"position\":2,\"name\":\"Produtos\",\"item\":\"https:\/\/digitalx.pt\/rm2\/shop\/\"},{\"@type\":\"ListItem\",\"position\":3,\"name\":\"SABANINDAS &#8211; Resguardo de Cama 80x180cm (B.25)\"}]},{\"@type\":\"WebSite\",\"@id\":\"https:\/\/digitalx.pt\/rm2\/#website\",\"url\":\"https:\/\/digitalx.pt\/rm2\/\",\"name\":\"Resid\u00eancias Montepio\",\"description\":\"Resid\u00eancias Montepio Servi\u00e7os de Saude SA\",\"publisher\":{\"@id\":\"https:\/\/digitalx.pt\/rm2\/#organization\"},\"potentialAction\":[{\"@type\":\"SearchAction\",\"target\":{\"@type\":\"EntryPoint\",\"urlTemplate\":\"https:\/\/digitalx.pt\/rm2\/?s={search_term_string}\"},\"query-input\":{\"@type\":\"PropertyValueSpecification\",\"valueRequired\":true,\"valueName\":\"search_term_string\"}}],\"inLanguage\":\"pt-PT\"},{\"@type\":\"Organization\",\"@id\":\"https:\/\/digitalx.pt\/rm2\/#organization\",\"name\":\"Resid\u00eancias Montepio\",\"url\":\"https:\/\/digitalx.pt\/rm2\/\",\"logo\":{\"@type\":\"ImageObject\",\"inLanguage\":\"pt-PT\",\"@id\":\"https:\/\/digitalx.pt\/rm2\/#\/schema\/logo\/image\/\",\"url\":\"https:\/\/digitalx.pt\/rm2\/wp-content\/uploads\/2024\/03\/favicon.svg\",\"contentUrl\":\"https:\/\/digitalx.pt\/rm2\/wp-content\/uploads\/2024\/03\/favicon.svg\",\"width\":1,\"height\":1,\"caption\":\"Resid\u00eancias Montepio\"},\"image\":{\"@id\":\"https:\/\/digitalx.pt\/rm2\/#\/schema\/logo\/image\/\"},\"sameAs\":[\"https:\/\/m.facebook.com\/residenciasmontepio.sa\/\",\"https:\/\/www.instagram.com\/residenciasmontepio\/\"]}]}<\/script>\n<!-- \/ Yoast SEO plugin. -->","yoast_head_json":{"title":"SABANINDAS - Resguardo de Cama 80x180cm (B.25) - Resid\u00eancias Montepio","robots":{"index":"index","follow":"follow","max-snippet":"max-snippet:-1","max-image-preview":"max-image-preview:large","max-video-preview":"max-video-preview:-1"},"canonical":"https:\/\/digitalx.pt\/rm2\/produto\/sabanindas-resguardo-de-cama-80x180cm-b-25\/","og_locale":"pt_PT","og_type":"article","og_title":"SABANINDAS - Resguardo de Cama 80x180cm (B.25) - Resid\u00eancias Montepio","og_description":"Sabanindas &#8211; Resguardo de Cama\u00a0 80&#215;180 (25 unidades) Resguardo descart\u00e1vel com grandes propriedades de absor\u00e7\u00e3o e prote\u00e7\u00e3o. Ajusta-se \u00e0 cama por meio de abas laterais de polietileno para evitar deslocamento em pacientes mais agistados. Caracter\u00edsticas: Dimens\u00e3o do n\u00facleo absorvente: 55&#215;70 cm. Capa tecido filtrante suave que isola a humidade da pele. Superf\u00edcie absorbente composta de [&hellip;]","og_url":"https:\/\/digitalx.pt\/rm2\/produto\/sabanindas-resguardo-de-cama-80x180cm-b-25\/","og_site_name":"Resid\u00eancias Montepio","article_publisher":"https:\/\/m.facebook.com\/residenciasmontepio.sa\/","article_modified_time":"2026-02-23T14:22:20+00:00","og_image":[{"width":1000,"height":1000,"url":"https:\/\/digitalx.pt\/rm2\/wp-content\/uploads\/2023\/12\/sabanindas-resguardo-de-cama-80x180cm-b25.jpg","type":"image\/jpeg"}],"twitter_card":"summary_large_image","twitter_misc":{"Tempo estimado de leitura":"1 minuto"},"schema":{"@context":"https:\/\/schema.org","@graph":[{"@type":"WebPage","@id":"https:\/\/digitalx.pt\/rm2\/produto\/sabanindas-resguardo-de-cama-80x180cm-b-25\/","url":"https:\/\/digitalx.pt\/rm2\/produto\/sabanindas-resguardo-de-cama-80x180cm-b-25\/","name":"SABANINDAS - Resguardo de Cama 80x180cm (B.25) - Resid\u00eancias Montepio","isPartOf":{"@id":"https:\/\/digitalx.pt\/rm2\/#website"},"primaryImageOfPage":{"@id":"https:\/\/digitalx.pt\/rm2\/produto\/sabanindas-resguardo-de-cama-80x180cm-b-25\/#primaryimage"},"image":{"@id":"https:\/\/digitalx.pt\/rm2\/produto\/sabanindas-resguardo-de-cama-80x180cm-b-25\/#primaryimage"},"thumbnailUrl":"https:\/\/digitalx.pt\/rm2\/wp-content\/uploads\/2023\/12\/sabanindas-resguardo-de-cama-80x180cm-b25.jpg","datePublished":"2023-12-27T15:51:54+00:00","dateModified":"2026-02-23T14:22:20+00:00","breadcrumb":{"@id":"https:\/\/digitalx.pt\/rm2\/produto\/sabanindas-resguardo-de-cama-80x180cm-b-25\/#breadcrumb"},"inLanguage":"pt-PT","potentialAction":[{"@type":"ReadAction","target":["https:\/\/digitalx.pt\/rm2\/produto\/sabanindas-resguardo-de-cama-80x180cm-b-25\/"]}]},{"@type":"ImageObject","inLanguage":"pt-PT","@id":"https:\/\/digitalx.pt\/rm2\/produto\/sabanindas-resguardo-de-cama-80x180cm-b-25\/#primaryimage","url":"https:\/\/digitalx.pt\/rm2\/wp-content\/uploads\/2023\/12\/sabanindas-resguardo-de-cama-80x180cm-b25.jpg","contentUrl":"https:\/\/digitalx.pt\/rm2\/wp-content\/uploads\/2023\/12\/sabanindas-resguardo-de-cama-80x180cm-b25.jpg","width":1000,"height":1000},{"@type":"BreadcrumbList","@id":"https:\/\/digitalx.pt\/rm2\/produto\/sabanindas-resguardo-de-cama-80x180cm-b-25\/#breadcrumb","itemListElement":[{"@type":"ListItem","position":1,"name":"In\u00edcio","item":"https:\/\/digitalx.pt\/rm2\/"},{"@type":"ListItem","position":2,"name":"Produtos","item":"https:\/\/digitalx.pt\/rm2\/shop\/"},{"@type":"ListItem","position":3,"name":"SABANINDAS &#8211; Resguardo de Cama 80x180cm (B.25)"}]},{"@type":"WebSite","@id":"https:\/\/digitalx.pt\/rm2\/#website","url":"https:\/\/digitalx.pt\/rm2\/","name":"Resid\u00eancias Montepio","description":"Resid\u00eancias Montepio Servi\u00e7os de Saude SA","publisher":{"@id":"https:\/\/digitalx.pt\/rm2\/#organization"},"potentialAction":[{"@type":"SearchAction","target":{"@type":"EntryPoint","urlTemplate":"https:\/\/digitalx.pt\/rm2\/?s={search_term_string}"},"query-input":{"@type":"PropertyValueSpecification","valueRequired":true,"valueName":"search_term_string"}}],"inLanguage":"pt-PT"},{"@type":"Organization","@id":"https:\/\/digitalx.pt\/rm2\/#organization","name":"Resid\u00eancias Montepio","url":"https:\/\/digitalx.pt\/rm2\/","logo":{"@type":"ImageObject","inLanguage":"pt-PT","@id":"https:\/\/digitalx.pt\/rm2\/#\/schema\/logo\/image\/","url":"https:\/\/digitalx.pt\/rm2\/wp-content\/uploads\/2024\/03\/favicon.svg","contentUrl":"https:\/\/digitalx.pt\/rm2\/wp-content\/uploads\/2024\/03\/favicon.svg","width":1,"height":1,"caption":"Resid\u00eancias Montepio"},"image":{"@id":"https:\/\/digitalx.pt\/rm2\/#\/schema\/logo\/image\/"},"sameAs":["https:\/\/m.facebook.com\/residenciasmontepio.sa\/","https:\/\/www.instagram.com\/residenciasmontepio\/"]}]}},"_links":{"self":[{"href":"https:\/\/digitalx.pt\/rm2\/wp-json\/wp\/v2\/product\/11608","targetHints":{"allow":["GET"]}}],"collection":[{"href":"https:\/\/digitalx.pt\/rm2\/wp-json\/wp\/v2\/product"}],"about":[{"href":"https:\/\/digitalx.pt\/rm2\/wp-json\/wp\/v2\/types\/product"}],"wp:featuredmedia":[{"embeddable":true,"href":"https:\/\/digitalx.pt\/rm2\/wp-json\/wp\/v2\/media\/15603"}],"wp:attachment":[{"href":"https:\/\/digitalx.pt\/rm2\/wp-json\/wp\/v2\/media?parent=11608"}],"wp:term":[{"taxonomy":"product_brand","embeddable":true,"href":"https:\/\/digitalx.pt\/rm2\/wp-json\/wp\/v2\/product_brand?post=11608"},{"taxonomy":"product_cat","embeddable":true,"href":"https:\/\/digitalx.pt\/rm2\/wp-json\/wp\/v2\/product_cat?post=11608"},{"taxonomy":"product_tag","embeddable":true,"href":"https:\/\/digitalx.pt\/rm2\/wp-json\/wp\/v2\/product_tag?post=11608"}],"curies":[{"name":"wp","href":"https:\/\/api.w.org\/{rel}","templated":true}]}}